ed by 2?
0
Let u(k) = k**2 + 2*k - 1. Let p(f) = -18*f + 21. Let i(d) = d - 1. Let c(n) = -15*i(n) - p(n). Calculate the remainder when u(-7) is divided by c(6).
10
Let m = -147 - -216. What is the remainder when m is divided by 18?
15
Let m = -33 + 54. Let d = 68 + -28. Calculate the remainder when d is divided by m.
19
Suppose 0 = -5*a + 4*r + 60, 3*a = -5*r - 0 - 1. Suppose -3*c - 2*c + 75 = 0. Calculate the remainder when c is divided by a.
7
Let o = -26 + 43. What is the remainder when 48 is divided by o?
14
Let i = 1 + 1. Let l = 23 - i. Suppose -3*r + l = -3. What is the remainder when 22 is divided by r?
6
What is the remainder when (-6)/(-5)*(-4 + 9) is divided by 2?
0
Suppose 9 + 2 = -d. Let u(i) = -i**2 - 13*i + 13. What is the remainder when u(d) is divided by 12?
11
Let j(y) = -y**3 - 6*y**2 - 12*y. Calculate the remainder when j(-5) is divided by 18.
17
Let p = -9 + 13. Suppose 0*b - p*o = -5*b + 38, -3*b + 27 = -o. Let k = b + 6. Calculate the remainder when k is divided by 6.
4
Let j = 152 - 6. What is the remainder when j is divided by 30?
26
Suppose -4*t - 2 = -u, 4*u - 8 = 5*t - t. Let z(a) = 14*a. Let w be z(u). Suppose -3*b = -5*b + w. What is the remainder when 40 is divided by b?
12
Let d = -19 - -47. Calculate the remainder when 109 is divided by d.
25
Suppose 1 = 3*b + 76. Let t be ((-2)/(-4))/(1/(-100)). Let k = b - t. Calculate the remainder when k is divided by 13.
12
Let j be 51/9 - (-6)/(-9). Suppose -236 = -5*p + 2*v, 2*p - j*v - 67 = 40. Let k = -33 + p. What is the remainder when 25 is divided by k?
12
Suppose 4*k - 4*u - 116 = 0, -2*k = 3*u - 23 - 45. Suppose g + j + 13 = 50, -g - 4*j = -k. What is the remainder when g/2 + 1/2 is divided by 7?
6
Suppose 4*l + 12 - 56 = 0. Let h = -21 - 25. Let q = h - -78. What is the remainder when q is divided by l?
10
Let s(w) = w**2 + 7*w + 6. Let j be s(-6). Let x = 2 - j. Calculate the remainder when 4 is divided by x.
0
Suppose -5*h = 2*m - 116, 0 = 2*h - 4*m - 20 - 12. Let p(a) = 7*a. Calculate the remainder when p(6) is divided by h.
20
Let l be (-3 + (-4)/2)*1. Let q be (1 + -2 + l)/(-2). Suppose -2*n + 145 = q*n. Calculate the remainder when n is divided by 10.
9
Let v = -16 - -49. What is the remainder when v is divided by 17?
16
Let z(q) = -q - 5. Calculate the remainder when 13 is divided by z(-14).
4
Let d = 6 + 31. Calculate the remainder when 73 is divided by d.
36
What is the remainder when (1 - -23) + (-10)/10 is divided by 12?
11
Suppose -4*k = l - 37, 3*k + l - 28 = -0*l. Let w = -6 + k. Calculate the remainder when 11 is divided by w.
2
Suppose -2*n + n + 3*z = -82, -5*n - 3*z = -446. What is the remainder when n is divided by 18?
16
Calculate the remainder when 2 + 1 - 6 - -35 is divided by 17.
15
Let c be 13/5 - (-18)/(-30). Suppose 21 = c*f - 43. Suppose 0 = 3*l - 5*x - 8, l + 6*x - 31 = 2*x. What is the remainder when f is divided by l?
10
Let w = -6 + 22. What is the remainder when w is divided by 9?
7
Suppose -21 = -2*i - i. Suppose 0 = 3*t + 2 + 1, -30 = -4*m + 2*t. Suppose m*f = 4*f + 4*g + 20, 14 = 3*f - g. What is the remainder when i is divided by f?
3
Let n = -27 - -46. Calculate the remainder when 146/5*((-105)/(-14))/3 is divided by n.
16
Let f(i) = 54*i. Suppose 4*v - 12 = -0*v - 4*l, v = 2*l. Let z be f(v). Suppose -3*h = h - z. What is the remainder when h is divided by 14?
13
Suppose 3*m - 4*l = -3*l + 62, -3*m - 2*l = -56. Calculate the remainder when 79 is divided by m.
19
Let n(g) = -g + 4. Suppose 2*f + 4 = -2. What is the remainder when n(f) is divided by (0 + 1*-2)*-2?
3
Suppose g + 0*r + 2*r - 20 = 0, -5*r + 61 = 3*g. What is the remainder when 41 is divided by g?
19
Let m = -3 - -14. Suppose o + 2*g = m, -o - 5*g + 3 + 11 = 0. What is the remainder when o is divided by 5?
4
Suppose 0 = -5*a - 7*a + 60. What is the remainder when 24 is divided by a?
4
Suppose -2*f + 41 = 12*u - 11*u, -3*f + 170 = 5*u. What is the remainder when u is divided by (0 - -1)/((-1)/(-8))?
7
Suppose -c - 52 = 3*c. Let b = -9 - c. Suppose b*o - 5 = 35. Calculate the remainder when o is divided by 6.
4
Let c = -17 + 30. Let d(g) = -g**2 + 13*g + 10. What is the remainder when 48 is divided by d(c)?
8
Suppose -4*o - 14 = -46. Calculate the remainder when o is divided by 3.
2
Suppose -h + 21 = 2. What is the remainder when 112 is divided by h?
17
Let g be 12*(6/(-4) - -1). Let h(d) = -7*d - 2. Let x be h(g). Suppose -5*q + 90 + x = 0. Calculate the remainder when q is divided by 14.
12
Suppose 38 = 3*q - 4*i + 3*i, 3*i - 54 = -3*q. What is the remainder when 37 is divided by q?
9
Let q(n) = -n**2 - 4*n. Let l be q(-4). Suppose -i - 2*g + 26 = l, -4*g = -0*g - 4. What is the remainder when i is divided by 9?
6
Suppose -l - 5*p = -23, -3*l + 0 = -p - 5. Suppose -9*n = -13*n + 16. Calculate the remainder when n is divided by l.
1
Let r(b) = 2*b - 7. Let v = -9 + 21. What is the remainder when r(14) is divided by v?
9
Suppose 3*r = -5*s + 52, -2*r - 5*s + 33 = -0*r. What is the remainder when r is divided by 11?
8
Let o = -14 - -10. Let y(x) = -x**3 + 5*x**2 - x + 2. Calculate the remainder when (o*8)/((-1)/1) is divided by y(3).
15
Suppose 0 = q - 3*q + 8. Suppose -q*l = -4*f + 36, -3*l - 21 = -5*f - 6*l. What is the remainder when 11 is divided by f?
5
Suppose -2*g + 7*z + 76 = 3*z, 0 = -4*g + 5*z + 140. Let d be 5/(g/(-4))*3. Let l = 2 - d. What is the remainder when l is divided by 2?
0
Suppose -4*k - 5 = 4*p - 101, 0 = p + 5*k - 32. Let q be (-4)/(-8) + 4/8. What is the remainder when 18 + -19 + 65/q is divided by p?
20
Suppose t - 11 = 11. Calculate the remainder when 1 + 64 + 13 + -14 is divided by t.
20
Suppose -2*o - 60 = 62. Let v = o + 91. Suppose 4 = -2*i, -3*i = 4*r + 2*i - v. What is the remainder when r is divided by 4?
2
Suppose i + 7 - 3 = 0. Let b = i - -6. What is the remainder when b is divided by 1?
0
Suppose 0 = 3*d + 3*p + 87, 5*p - 92 - 60 = 4*d. What is the remainder when (-1908)/d + (-2)/(-11) is divided by 20?
18
Suppose 7 = v + 3. Calculate the remainder when v is divided by 3.
1
Suppose -3 = 3*d - 3*b + 9, -5*d - 5*b = 30. Let z = d - -31. Let g = z + -15. What is the remainder when g is divided by 6?
5
Let v(p) = p + 19. What is the remainder when (68/(-10))/(1/(-5)) is divided by v(-10)?
7
Let k = 19 + -13. What is the remainder when 17 is divided by k?
5
Let n(y) = 3*y + 17. Let a be n(-7). Let f(m) = 2*m**2 + m. What is the remainder when f(a) is divided by 10?
8
Suppose -3*w = -4*z - 105, 3*w = w + z + 65. Let j = -12 + w. What is the remainder when j is divided by 7?
5
Let a(j) = 2*j + 1. What is the remainder when 14 is divided by a(2)?
4
Let m be (-1)/(-3 + (-15)/(-6)). Suppose c - 9 = -m*c. Calculate the remainder when 10 is divided by c.
1
Suppose -2*w - 5*s + 2 = 8, 4*s = 4*w - 44. Calculate the remainder when 13 is divided by w.
6
Suppose -6 = -3*h + 3. Let i = 49 - 47. What is the remainder when h is divided by i?
1
Suppose -j + 4*j = 36. Let x be ((-1)/2)/((-1)/6). Suppose 5*k = -x*a + 53 + 66, 0 = k + 2*a - 28. Calculate the remainder when k is divided by j.
10
Let w = -103 - -110. Calculate the remainder when 26 is divided by w.
5
Let u(j) = j**3 - 3*j**2 - 15*j + 5. Calculate the remainder when 63 is divided by u(6).
17
Suppose 4*q = -0*q - 3*w + 39, w = -3. Suppose 4*i - 3*r - 1 = q, 2*i = r + 9. Calculate the remainder when i is divided by 3.
1
Let r = 3 + -1. Suppose -r*s - s = -15. Suppose 0 = s*a - 15 - 25. Calculate the remainder when a is divided by 3.
2
Let z = 70 - 64. Calculate the remainder when z is divided by 4.
2
Suppose -15 = 2*k - 113. What is the remainder when k is divided by 13?
10
Let u(i) = 2*i**3 + i. Let h be u(1). Suppose z + h + 6 = -4*k, 5*z - 3*k = -45. Calculate the remainder when 44 is divided by (2 + 3)/((-3)/z).
14
Let r(n) be the second derivative of -n**3/6 + 4*n**2 - 3*n. Calculate the remainder when 25 is divided by r(-5).
12
Let h be (-2)/(-5)*(6 + 4). Suppose 0 = -3*a + 23 + h. What is the remainder when 26 is divided by a?
8
Suppose p - 18 = -0*p + 4*x, 5*p = 5*x + 60. Let s = 3 + p. What is the remainder when 24 is divided by s?
11
Let x(d) = -d**2 - 15*d. Let k be x(-8). Suppose -6*y = -2*y - k. Calculate the remainder when 41 is divided by y.
13
Suppose -1 = 2*q - 7. Suppo